1 a prime number?
False
Is 727541 prime?
True
Is 815569 a prime number?
True
Is 64390999 a composite number?
True
Is 89225237 composite?
False
Is 7198237 a prime number?
True
Is 1772870131 composite?
False
Is 26753327 composite?
True
Is 480752133 a composite number?
True
Is 11215049 composite?
False
Is 8724901 a prime number?
False
Is 237319679 composite?
False
Is 141368611 a composite number?
True
Is 1583651 a prime number?
True
Is 13357441 a composite number?
False
Is 2117153 a prime number?
False
Is 17995045 composite?
True
Is 11695691 a prime number?
False
Is 943879 composite?
True
Is 1602787 prime?
False
Is 9239623 composite?
False
Is 208641295 prime?
False
Is 6339449 composite?
False
Is 25570669 a composite number?
True
Is 105857321 a prime number?
True
Is 4804862 prime?
False
Is 514513603 composite?
True
Is 170393513 composite?
True
Is 15489497 prime?
True
Is 12468179 composite?
True
Is 48173849 a composite number?
False
Is 19018123 composite?
True
Is 1436467 prime?
True
Is 337982 a composite number?
True
Is 151751137 a prime number?
False
Is 3871139 composite?
False
Is 312439 a composite number?
True
Is 24664405 a prime number?
False
Is 2253439 composite?
False
Is 2908471 a prime number?
True
Is 23801807 composite?
False
Is 28555 composite?
True
Is 33993943 prime?
True
Is 41405941 a prime number?
False
Is 1080749 a composite number?
False
Is 5265011 composite?
True
Is 45586001 prime?
True
Is 63778069 a composite number?
False
Is 15217561 a composite number?
False
Is 16863502 prime?
False
Is 16608127 composite?
True
Is 13368097 a prime number?
False
Is 312294797 a composite number?
True
Is 12740635 prime?
False
Is 15424862 a composite number?
True
Is 1105787 a composite number?
False
Is 35267 composite?
False
Is 4295897 a composite number?
False
Is 681862963 prime?
True
Is 970010351 a prime number?
True
Is 3174455 prime?
False
Is 4239143 prime?
False
Is 142962454 composite?
True
Is 51979871 prime?
False
Is 733354 composite?
True
Is 1515469 a composite number?
False
Is 194602 composite?
True
Is 615019 composite?
False
Is 4782821 a prime number?
True
Is 405299 prime?
True
Is 41221079 prime?
True
Is 2016289 prime?
False
Is 2788769 composite?
False
Is 148651057 composite?
False
Is 1686540331 composite?
True
Is 308347 composite?
True
Is 373374761 composite?
False
Is 426293 composite?
True
Is 60913613 a prime number?
False
Is 258068851 composite?
True
Is 383443 prime?
False
Is 95642297 a composite number?
True
Is 6619237 prime?
False
Is 141084661 a prime number?
True
Is 51266357 a composite number?
True
Is 23686051 composite?
False
Is 6171083 prime?
False
Is 55790957 a composite number?
True
Is 840967 composite?
False
Is 19616657 composite?
True
Is 9190831 composite?
True
Is 37794299 a composite number?
True
Is 160414503 a prime number?
False
Is 15689209 a prime number?
True
Is 45382063 composite?
False
Is 23340587 prime?
True
Is 2220349 prime?
True
Is 102244433 a composite number?
True
Is 630013 composite?
True
Is 152026559 prime?
True
Is 14079215 composite?
True
Is 1140749 a prime number?
True
Is 2134921 a prime number?
True
Is 118920449 a composite number?
True
Is 20593217 a prime number?
True
Is 91621961 a composite number?
False
Is 11451641 a prime number?
True
Is 225889 composite?
False
Is 14602319 composite?
True
Is 10791803 a composite number?
True
Is 6103739 prime?
True
Is 208904851 a prime number?
True
Is 1006331 composite?
False
Is 112269749 a composite number?
False
Is 104231 a composite number?
False
Is 453977 a prime number?
True
Is 37877591 a prime number?
True
Is 28064537 composite?
True
Is 48997831 composite?
False
Is 285175129 prime?
False
Is 2321587 prime?
True
Is 12379109 composite?
False
Is 12240563 a composite number?
True
Is 202921 a prime number?
True
Is 412854341 prime?
True
Is 3110837 a prime number?
True
Is 109448291 a composite number?
True
Is 2307979 a composite number?
False
Is 2269651 a prime number?
False
Is 21082351 prime?
True
Is 33924997 a prime number?
True
Is 13327079 composite?
False
Is 2714939 prime?
False
Is 85801 a prime number?
False
Is 31930669 a composite number?
False
Is 23349289 a prime number?
True
Is 1440203 prime?
True
Is 70440969 prime?
False
Is 5967317 composite?
False
Is 46822306 a composite number?
True
Is 5521249 composite?
False
Is 2635805 prime?
False
Is 84023923 prime?
True
Is 2842283 composite?
False
Is 692221 a prime number?
True
Is 9004513 a composite number?
True
Is 18741259 composite?
True
Is 75920777 prime?
True
Is 21157685 composite?
True
Is 11236051 composite?
False
Is 9526061 composite?
True
Is 398369 composite?
False
Is 3799481 composite?
True
Is 70334347 a prime number?
True
Is 334548541 a prime number?
False
Is 1009927 prime?
True
Is 118778489 prime?
False
Is 19408013 a composite number?
True
Is 3930119 a composite number?
True
Is 5172809 a composite number?
True
Is 134340271 a prime number?
False
Is 83381479 prime?
True
Is 10597101 a prime number?
False
Is 23069597 prime?
True
Is 2083831 a composite number?
True
Is 9929459 a prime number?
True
Is 47438665 composite?
True
Is 12177769 composite?
True
Is 598963 a prime number?
True
Is 8153851 prime?
True
Is 156637799 a composite number?
True
Is 6108131 a composite number?
False
Is 984299 a composite number?
False
Is 221657299 a prime number?
True
Is 33794273 prime?
True
Is 13578919 prime?
True
Is 125255951 prime?
True
Is 350087 prime?
True
Is 14412863 a composite number?
True
Is 907411 composite?
True
Is 27664871 prime?
False
Is 8522313 prime?
False
Is 3147161 composite?
False
Is 1075175173 composite?
True
Is 6006811 a composite number?
True
Is 51768523 a composite number?
False
Is 109249703 prime?
True
Is 206351567 prime?
True
Is 118825661 a composite number?
True
Is 122998157 a prime number?
True
Is 12586447 prime?
True
Is 69439705 a composite number?
True
Is 6396197 a composite number?
True
Is 5254399 prime?
False
Is 62389291 composite?
False
Is 215492723 composite?
False
Is 3189793 composite?
False
Is 138722989 composite?
True
Is 28401287 a prime number?
True
Is 31080533 a composite number?
True
Is 4837411 a composite number?
False
Is 64292047 a composite number?
True
Is 2313097 prime?
False
Is 24817699 a prime number?
True
Is 153967369 a prime number?
True
Is 17798842 prime?
False
Is 9893579 prime?
False
Is 786683 a composite number?
True
Is 32796674 a composite number?
True
Is 5594791 prime?
True
Is 13869073 composite?
False
Is 1311097 composite?
False
Is 528448099 a prime number?
True
Is 44686409 prime?
False
Is 1807789 a prime number?
False
Is 6465487 prime?
False
Is 986753 a composite number?
True
Is 257516407 composite?
True
Is 309241 a composite number?
False
Is 743891 prime?
True
Is 23683505 composite?
True
Is 34382659 composite?
True
Is 91595623 composite?
True
Is 23635498 a prime number?
False
Is 6624923 a composite number?
False
Is 25663397 a composite number?
False
Is 67810121 a composite number?
True
Is 2431929 a composite number?
True
Is 3495043 composite?
False
Is 2534213 a prime number?
False
Is 95915783 prime?
True
Is 1809991 prime?
True
Is 9350591 prime?
True
Is 2429251 a composite number?
True
Is 1084261 composite?
True
Is 37051709 prime?
True
Is 1135327 a composite number?
False
Is 683546839 a composite number?
False
Is 1328777 prime?
True
Is 2309005 prime?
False
Is 75791291 composite?
False
Is 9222979 prime?
True
Is 4152901 a composite number?
False
Is 84790523 a composite number?
False
Is 23650357 a prime number?
False
Is 24990143 composite?
False
Is 7813213 a prime number?
True
Is 136896941 prime?
True
Is 1711381883 a prime number?
True
Is 633739807 prime?
True
Is 728461 prime?
False
Is 8488609 prime?
True
Is 8087239 composite?
False
Is 19028803 composite?
False
Is 71898605 a prime number?
False
Is 29947571 a composite number?
False
Is 743623 composite?
True
Is 57811879 prime?
False
Is 513829 a composite number?
False
Is 193136721 a prime number?
False
Is 314255 a prime number?
False
Is 9923863 composite?
True
Is 2509297 prime?
False
Is 494063221 a composite number?
True
Is 11665097 a prime number?
True
Is 4161217 a composite number?
True
Is 8368177 a prime number?
False
Is 1008719 a prime number?
True
Is 53840159 a composite number?
True
Is 931649 composite?
True
Is 5961877 a prime number?
Fals